*m - 7922 = 1395. Calculate the greatest common divisor of 165 and m.
11
Let h be (-6)/39 - 1050/(-65). Let n = -128 - -116. Let k be ((-60)/5)/(1/n). What is the greatest common divisor of h and k?
16
Suppose 3*q - 48 = c, 11*c - 7*c = 5*q - 73. Suppose 28*a - 1309 = q*a. What is the greatest common factor of 21 and a?
7
Suppose 14*a - 570 = -2*k + 12*a, -5*a = 3*k - 875. Let l be (2 - 46)/((-1)/5). What is the highest common factor of k and l?
55
Let b(a) = a**2. Let o(u) = -2*u**2 - 1. Let y(k) = 9*b(k) + 4*o(k). Let c be y(3). Suppose 0*z - z = -c. Calculate the highest common factor of z and 40.
5
Let z be (104/28 + -4)/((-15)/4725). Calculate the greatest common divisor of 3915 and z.
45
Let s = 872 - 359. What is the highest common divisor of 6327 and s?
171
Let v(t) = 939*t + 1033. Let l be v(3). Let i(s) = 128*s**2 - 4*s + 2. Let d be i(2). Suppose 11*c = -d + l. What is the greatest common divisor of 38 and c?
38
Let t = 9 + -3. Let k(r) = -r**3 + 5*r**2 - 8*r + 9. Let w be k(t). Let m = 90 + w. What is the greatest common factor of 5 and m?
5
Let p = -653 - -1094. Let z be (-596)/10*(4 + 1). Let s = z + p. What is the greatest common factor of s and 13?
13
Let h = -27 + 49. Suppose -244 = -2*v - 8*i + 6*i, -5*i = -5*v + 660. Let l = -28 + v. What is the highest common factor of h and l?
11
Let t(d) = -d**3 - 8*d**2 + 14*d - 54. Let b be t(-10). Let m = -73 + 41. Let y = 10 - m. Calculate the greatest common divisor of y and b.
6
Let x be (-27)/(-4 - (-1 + 5436/(-1824))). Calculate the greatest common divisor of x and 468.
36
Let c be 4/10 - 4194/(-15). Let i be 85 + (-7)/(21/(-15)). Suppose -86*h + i*h = 112. Calculate the greatest common divisor of c and h.
28
Suppose -2*b - 4*z + 12 = -2*z, 6 = 3*z. Suppose -2*o = -b*m - 5*o + 575, -20 = -4*o. Suppose 5*q - 166 = 114. Calculate the highest common factor of q and m.
28
Let o(b) = b**2 - 6*b + 11. Let u be o(5). Suppose r = 10 + u. Let h(x) = 9*x**2 - 7*x + 4. Let k be h(3). Calculate the highest common factor of k and r.
16
Suppose 5*j = -2*t + 290, 17*j - 5*t - 143 = 14*j. What is the greatest common factor of 63 and j?
7
Suppose 2*j + 108 = 3*h, -j + 5*h - 19 = 21. Let n be ((-18)/(-8))/((-9)/j). What is the highest common factor of 3 and n?
3
Let g = -2551 - -2954. What is the highest common divisor of g and 169?
13
Let f = -386 - -393. Let x be (4/(-10))/(f/(-1260)). What is the highest common factor of 9 and x?
9
Let l = 2 + 11. Suppose -15*f = -l*f - 40. What is the highest common factor of f and 110?
10
Let b(x) = 2*x**2 - 6 - 2 + 10 + 11 - x. Let o(l) = 2*l**2 - 42*l + 34. Let n be o(20). Let c be b(n). Calculate the highest common divisor of 13 and c.
13
Suppose 1566 = -4*z + 7*z + 1062. Calculate the highest common divisor of z and 105.
21
Suppose -268 = 5*b - 9*b. Suppose -66*s = -b*s. Suppose c - 42 = -2*c + 3*o, s = -4*c + 2*o + 48. Calculate the greatest common factor of c and 2.
2
Let u(s) = s**2 + s. Let y(m) = 5*m**2 + 5*m + 23. Let h(v) = -4*u(v) + y(v). Let w be h(-8). Calculate the greatest common factor of w and 316.
79
Suppose -5*b + 2940 = -4*b + 13*b. What is the highest common factor of 84 and b?
42
Let d = 22143 - 20507. Calculate the highest common factor of 16 and d.
4
Let m(t) = -t**3 + 9*t**2 + 13*t. Let v be m(9). Let k = -116 + v. Let o(a) = 3*a. Let f be o(1). What is the greatest common divisor of k and f?
1
Suppose 0 = -d + 21 + 21. Let y(c) = -5*c**3 + 4*c**2 + 4*c + 1. Let m be y(-1). Calculate the greatest common divisor of d and m.
6
Suppose 0 = -54*g + 3090 + 2343 + 399. Calculate the highest common factor of g and 1260.
36
Let d(u) = -u**3 + 14*u**2 + 35*u - 40. Let i be d(16). Calculate the greatest common divisor of 724 and i.
4
Suppose -76 = -5*q + 2*x, x = -15*q + 20*q - 78. Calculate the highest common divisor of q and 112.
16
Suppose -4*p + 2612 = 4*q, 2*q + 1301 = 2*p - q. Let s = p + -634. What is the highest common divisor of s and 24?
6
Suppose 1330 = 52*q + 290. Suppose -12*r = -7*r - 150. What is the greatest common divisor of q and r?
10
Let s(z) = 15*z + 888. Let x be s(-13). Calculate the highest common divisor of 55 and x.
11
Let l(f) = f**3 - 21*f**2 + 80*f - 975. Let a be l(20). Calculate the highest common factor of a and 1725.
75
Let v = -69 - -74. Suppose -4*d - 2 = -v*d. Let s be (12 - 0/d) + 0/(-3). What is the greatest common divisor of 3 and s?
3
Let p be 69/15*(26 - (2 + -5 + 4)). Calculate the highest common divisor of 1035 and p.
115
Let d be 32/72*3 - (-16)/6. Suppose i - 4*i + 3 = -5*b, -d*i - 4*b = -36. What is the greatest common factor of 426 and i?
6
Let v be (-58)/(-6)*(8 - 5). Let p = 21 - v. Let g be (p - -9)/((-2)/(-48)). What is the highest common factor of 60 and g?
12
Let v(u) = -192*u - 984. Let g be v(-8). What is the highest common divisor of g and 1794?
138
Let g(b) = 31*b**2 + 90*b + 834. Let h be g(-9). What is the greatest common divisor of 15 and h?
15
Let q be (-3592)/(-11) - (-18)/264*-8. Suppose 3*l + 3*t = 8*l - 763, -q = -2*l - 4*t. What is the highest common divisor of 124 and l?
31
Suppose -5*a = l - 57 + 12, 4*a = -3*l + 47. Let k(b) = 3*b**2 + 10*b - 52. Let c be k(a). What is the highest common factor of c and 4?
4
Let i(h) = -h**3 + 24*h**2 - 23*h - 75. Let y = 89 - 67. Let p be i(y). What is the greatest common factor of 9 and p?
9
Let q(p) = -256*p + 1627. Let i be q(6). What is the greatest common divisor of 806 and i?
13
Let k(r) = -3*r**3 + 40*r**2 + 6*r - 208. Let w be k(13). Let o = 75 - -16. Calculate the greatest common divisor of w and o.
13
Let l(n) = -n**3 - 9*n**2 - 7*n - 39. Let f be l(-9). Let y = 84 - 92. Let j be 6/(-4) + -1*396/y. Calculate the highest common factor of j and f.
24
Let i be ((-2)/(-3))/(12/2574). Let z(b) = 2*b**3 + 17*b**2 + 22*b + 123. Let n be z(-8). What is the greatest common divisor of n and i?
11
Let w(i) be the first derivative of 16*i**2 - 48*i - 117. Let y be w(3). Calculate the greatest common factor of y and 24.
24
Suppose -2*c = -d + 275, 4*d - 1120 = -27*c + 31*c. Calculate the highest common factor of 57 and d.
57
Let y(b) = 89*b + 4. Let u be y(3). Let q be ((-26)/(-3))/(-3*1/54). Let l = q + u. Calculate the greatest common factor of l and 46.
23
Suppose 0 = -4*y + 4*d + 192, 234 = -0*y + 5*y - 3*d. What is the highest common divisor of y and 2265?
15
Suppose 0 = p + 3*u - 12029, 57*u = -2*p + 56*u + 24063. Calculate the greatest common factor of 282 and p.
94
Let l be ((-18)/(-45))/(6/5) - (-197)/3. What is the greatest common factor of l and 9042?
66
Let v(w) = -2*w**3 + 23*w**2 + 6*w + 112. Let c be v(10). What is the highest common factor of 16756 and c?
236
Let o(w) be the third derivative of w**5/20 - 5*w**4/6 + 14*w**3/3 + 3*w**2 - 3. Let q be o(9). Calculate the highest common factor of q and 39.
13
Let f(k) = 9*k**2 - 209*k - 365. Let o be f(41). What is the highest common divisor of o and 60?
15
Suppose -3*r + 83 + 52 = 0. Let y be 1/(3 - 132/r). Suppose 2*x = -2, 3*j - 3*x - 22 = -8*x. What is the greatest common factor of y and j?
3
Let d(g) = -2*g**3 - 14*g**2 - 17*g - 22. Let f(b) = -2*b**2 + 14*b - 21. Let n be f(6). Let l be d(n). Calculate the highest common divisor of 5 and l.
5
Let k(o) be the first derivative of o**2/2 + 34*o - 66. Let d be k(-10). Calculate the greatest common divisor of d and 8.
8
Let r be 25/(-2)*(-126)/(-7). Let q = r + 315. Let i = -4835 - -4895. Calculate the highest common divisor of q and i.
30
Let o be 0 + 387/135 - 6/(-45). Suppose -2*p + 18 = -6*u + 5*u, 3*p = o*u + 24. What is the highest common factor of 20 and p?
10
Suppose 0 = -3*b - x + 504, 4*b - 292 - 412 = 4*x. Calculate the highest common divisor of b and 410.
10
Suppose 13*g - 1152 = 10*g. Let v be 8/10 + g/20. What is the highest common factor of 70 and v?
10
Let q(c) = -4*c**2 - 18*c - 12. Let w be q(-11). Let d = -66 - w. Suppose 53 = 2*r - 5. Calculate the greatest common factor of r and d.
29
Let b(t) = 448*t - 2389. Let u be b(7). What is the greatest common factor of u and 18?
9
Suppose -4*s + 0*s - 5*c = -2564, -2*s - 5*c = -1272. Let d = s + -585. What is the highest common factor of d and 793?
61
Suppose 45 = n - 4. Let i be (46 - 53) + (-14)/(-2). Suppose i = 8*p + 134 - 190. What is the highest common factor 